4)/(-4))/(1/(-2)). Let r = d + w. What is the units digit of r?
9
Suppose 20*u = 15*u, -u = 5*b - 1550. Suppose -b*c + 5240 = -300*c. What is the units digit of c?
4
Let h be -6*2/16 + (-98262)/(-72). Let p = h + -281. What is the hundreds digit of p?
0
What is the units digit of 11328 - (-2 - (-1 + (-14)/(-7)))?
1
Suppose -3520 = 1019*p - 1021*p. Let g = -919 + p. What is the hundreds digit of g?
8
Suppose 5*t - 2*m + 17314 = 75352, 2*t - 5*m - 23211 = 0. What is the units digit of t?
8
Suppose 13408 = 3*s - t, -2*s + 8*t = 5*t - 8920. What is the hundreds digit of s?
4
Let g = -107 + 105. Suppose -l + 16 = 3*l. What is the units digit of 0 - (g + (-4)/l)?
3
Let t(l) = 3468*l + 369. What is the tens digit of t(2)?
0
Let x = 40960 + 26025. What is the units digit of x?
5
Suppose -297 + 1077 = 6*t. Suppose -10*k = -k + 279. Let z = k + t. What is the tens digit of z?
9
Let v be (2 - -3)*(6 + -5). Let z(b) = -11*b. Let i(l) = l + 1. Let c(s) = -4*i(s) - z(s). What is the tens digit of c(v)?
3
Suppose -855288 = -79*b + 158756. What is the units digit of b?
6
Let z(k) = -4*k**3 + 32*k**2 + 62*k - 22. Let t(g) = 3*g**3 - 32*g**2 - 63*g + 22. Let r(h) = -3*t(h) - 2*z(h). What is the units digit of r(33)?
4
Let j(n) = -7*n - 81. Let o be j(-12). Suppose m - 406 = -3*y, 22 = 5*y + o*m - 660. What is the tens digit of y?
3
Let i = -1534 + 2359. Let s = i - 197. What is the hundreds digit of s?
6
Let r be 154 - 150 - ((432 - 1) + 0). Let a = r - -775. What is the units digit of a?
8
Let x(i) = -105*i + 25. Let v be x(-5). Let u = -92 + v. What is the hundreds digit of u?
4
Let d = -15437 - -22091. What is the thousands digit of d?
6
Suppose -3*l - 4*k - 9 = -3, -5*l + 22 = -4*k. Suppose -l*d = 4, 5*d + 1086 = 4*b - 208. What is the hundreds digit of b?
3
Suppose 0 = -5*x - 4*j + 460, -5*x - 6*j = -5*j - 475. What is the tens digit of (-8)/(-6)*16488/x?
2
Let b be (2 - 2)/((-3)/(-9)*3). Suppose b = -6*l + 2375 + 523. Let j = -317 + l. What is the units digit of j?
6
Let c(m) = 4*m**2 + 18*m + 70. Let q = 94 + -104. Let u be c(q). Suppose x - 2*s + 7*s - 58 = 0, 5*s = 5*x - u. What is the tens digit of x?
5
Let v = -8726 + 24181. What is the thousands digit of v?
5
Let q be 375/(-9) + (-2)/6. Let t = 8433 + -8322. Let o = q + t. What is the tens digit of o?
6
Suppose -5*j + 2*l = -6*j + 6302, 5*j - 31502 = -2*l. Suppose 18*t = -10*t + j. What is the units digit of t?
5
Suppose 13*w + w = 3696. What is the tens digit of (4/(-6)*12)/((-2)/w)?
5
Let s = 14352 + -6594. What is the tens digit of s?
5
Suppose 4*k - 6*o = -5*o - 3612, -2*k = -o + 1806. Let n = k + 1475. What is the hundreds digit of n?
5
Suppose -6*h + 21 = -879. Let q = h + -34. What is the hundreds digit of q?
1
Suppose 2*x + 4*h = 11748, -4*x - 11724 = -6*x + 4*h. What is the tens digit of x?
6
Let x = 592 + -177. Let h = 825 - x. What is the hundreds digit of h?
4
Let f(n) = -n**3 - 8*n**2 + 6*n + 4. Suppose l + 4*d + 21 = 0, -l + 5*d - d + 11 = 0. Let x be (3/(-2) - 7/(-2))*l. What is the hundreds digit of f(x)?
1
What is the units digit of 522/(-232) + 26965/4?
9
Let f = -731 - -5395. What is the tens digit of f?
6
Let c = 31 + -29. Suppose 2*d + c*l - 2 = 0, -3*d - 3 = -2*l - 1. Suppose 0*r = -2*b - 3*r + 23, -3*b - 5*r + 37 = d. What is the units digit of b?
4
Let b = 431 + -428. What is the hundreds digit of 16*8 + (1 - b - -5)?
1
Let x = 228 + -234. What is the tens digit of 1857/3 - x - 3?
2
What is the thousands digit of 12 + (-76)/(-19) + 19603?
9
Let n(v) = 12350*v + 304. What is the tens digit of n(1)?
5
Let i = -6916 + 16451. What is the tens digit of i?
3
Let y(x) = x**3 + 3*x**2 + 2*x - 5. Let i be y(-2). What is the tens digit of 6 - (-4 - -4099)/i?
2
Suppose -9*u + 53495 = -0*u + 4*u. What is the thousands digit of u?
4
Suppose 33*n = 10*n - 46. What is the tens digit of (-5)/(n + 140/142 + 1)?
5
Let k(q) = 5*q**3 - 4*q**2 - 6*q - 4. Let g be k(-2). Let b = g - -63. Let n(l) = 15*l - 42. What is the tens digit of n(b)?
8
Let u(j) = 8*j + 96. Let t be u(33). Suppose 3*r = -12, -2*n + 5*r = -0*r - 30. Suppose 5*v + n*w - t = 120, 0 = 3*v - 2*w - 273. What is the units digit of v?
3
Let x = -3137 + 4437. What is the units digit of x?
0
Let u(y) be the third derivative of 22*y**5/15 + 5*y**4/6 + 101*y**3/6 + 277*y**2. What is the units digit of u(-4)?
9
Let u(s) = -s**3 + 11*s**2 - s - 17. Suppose 2 = 2*y + 108. Let o = -45 - y. What is the tens digit of u(o)?
6
Let k be -3 + (3 - -3) - 129. Let y = 194 + k. What is the hundreds digit of y/(-442) + 1510/13?
1
Suppose 36*a = 2209 + 11615. What is the hundreds digit of a?
3
Suppose 2*d = -2*c + 29310 + 132200, 0 = -c + 3. What is the tens digit of d?
5
Suppose -43*c + 55586 = -41*c + 4*m, -2*m - 55538 = -2*c. What is the units digit of c?
7
Suppose -48*l - 67*l + 734976 = -19*l. What is the tens digit of l?
5
Let m(d) = -506*d - 5684. What is the thousands digit of m(-21)?
4
What is the units digit of 2/3*66900*14/112?
5
Let r(g) = -4*g**3 + g - 2. Let v be r(-2). Suppose v - 193 = -3*x. Suppose x = 3*f - 62. What is the tens digit of f?
3
Let a be (-4*(-52)/16)/1. Let c = 91 + a. What is the units digit of c?
4
Suppose 4*h = 3*a - 0*h - 3, 3 = 3*a + 4*h. Suppose -2*g = -3*c, -13 = 3*g - c - 6. What is the tens digit of 12/(a*g)*(-180)/8?
9
Suppose -6*a + 32 = -2*a. Suppose 0 = -a*t - 39 - 17. What is the units digit of 2/t - 762/(-21)?
6
Let v be 33/9 + 14/(-21). Let y(g) = -4 - 6*g + g**2 + 14*g**2 + v*g + 6. What is the units digit of y(1)?
4
Let o(a) = a**3 + 96*a**2 + 66*a - 1099. What is the tens digit of o(-93)?
1
Suppose 4*b - 197136 = -3*f, 3*b - 3*f = -2*b + 246474. What is the tens digit of b?
9
Suppose -66*x + 83745 + 383995 = -40*x. What is the hundreds digit of x?
9
Suppose 59*s - 52*s = -50*s + 760095. What is the units digit of s?
5
Suppose 0 = -13*x + 7417 + 387731. What is the units digit of x?
6
Suppose 2*f + 2*x = 11662, 15*f + 6*x - 5*x = 87563. What is the units digit of f?
8
Let x = -5983 + 9683. What is the thousands digit of x?
3
Suppose -17 = -11*p - 6. Suppose 5*c - 5*w + 18 = 83, -2*w + p = c. Suppose 5*l - 4 = -c, -2*v = 5*l - 321. What is the tens digit of v?
6
Suppose 93*v - 224*v + 105*v + 117910 = 0. What is the units digit of v?
5
Suppose 2*r = -3*r - 29000. Let g = r + 8257. What is the tens digit of (8/(-6) + 2)*g/18?
9
Let h = 85 - 462. Let f = -208 - h. What is the tens digit of f?
6
Let x(c) be the second derivative of -31*c**3/6 + 5*c**2 + 13*c. Let b be x(-12). Suppose -4*n - 10 = -b. What is the tens digit of n?
9
Suppose -2*u + 49 = 5*u. Suppose u*b - 11*b = -116. Let h = b + 5. What is the units digit of h?
4
Suppose 567291 = 115*o - 97754. What is the thousands digit of o?
5
Suppose -7*s + 83355 - 25276 = 0. What is the tens digit of s?
9
Let c be 1*((-10)/(-6) + (-2)/(-6)). Let x be (4 + -6)*(-5)/c. Suppose 122 = x*t + 2*k, -2*t + 24 = -5*k - 19. What is the units digit of t?
4
Let j(y) = 4*y - 1. Let u be j(4). Suppose -u + 6 = -v. Suppose 0 = -v*c + 8*c + 70. What is the units digit of c?
0
Suppose 0 = 8*l - 65 + 33. Suppose -2591 = -3*h + 5*z, l*z = 4*h - 2*h - 1726. What is the hundreds digit of h?
8
Suppose 22130 = 3*v - 4*d, -35*d + 33*d = 3*v - 22136. What is the hundreds digit of v?
3
Let n(m) be the first derivative of -m**4/4 + 5*m**3/3 - 8*m**2 - 61*m + 143. What is the tens digit of n(-6)?
3
Suppose -70522 = -4*d - 2*p, 0 = -5*d - 3535*p + 3534*p + 88160. What is the hundreds digit of d?
6
Suppose 17*z - 19*z = -8. Suppose -2*t - w = 4*w - 3304, 0 = -z*t - w + 6608. Suppose 11*l + 3*l = t. What is the units digit of l?
8
Let y(a) = 2*a + 14. Let j = -29 - -36. Let x be y(j). Suppose 27*t - x*t = -7. What is the units digit of t?
7
What is the hundreds digit of ((-2064)/1204)/((-2)/7) - (-9177)/1?
1
Suppose 0 = -4*r + 5*d - 22, -26*d + 6 = -4*r - 29*d. Let l(h) = 50*h**2 + 61*h + 1. What is the hundreds digit of l(r)?
2
Let o = -328 - -66. Let i = o - -440. What is the units digit of i?
8
Let i(a) = 4*a - 44. Let v be i(11). Let w(f) = f**2 + 7*f + 2. Let j be w(v). Suppose u - j*t = 73, -t = u - 0*t - 85. What is the units digit of u?
1
Let c = -949 - -2496. What is the tens digit of c?
4
Let y(w) = w - 11. Let m be y(13). Suppose 0 = 2*c - 14 + m. What is the units dig